Determine m(l).
-6
Let u(t) be the third derivative of -t**6/120 + 3*t**5/20 - 5*t**4/24 - 5951*t**2. Determine u(7).
63
Let z(u) = 95 + 132*u - 84*u - 42*u. What is z(-16)?
-1
Suppose 3*f + 42 = -4*i, 0 = 15*f - 4*i - 0 + 66. Let n(y) = -2*y**2 - 9*y + 29. What is n(f)?
11
Let d(y) be the second derivative of -y**4/12 - 25*y**3/6 + 41*y**2/2 - 7142*y. Calculate d(-27).
-13
Let x(a) = a**3 - 13*a**2 + 29*a + 23. Let z(r) = -r**3 + 14*r**2 - 28*r - 9. Let y(l) = 4*x(l) + 5*z(l). Determine y(17).
-72
Suppose -4*y - 3672*r + 3674*r - 180 = 0, 138 = -4*y - 5*r. Let w(j) = j**3 + 43*j**2 + 39*j - 127. Calculate w(y).
-1
Let o be -3*(-5)/(-9)*3. Let h(i) = 2*i**2 - i + 31. Let x(r) = 5*r**2 - r + 71. Let u(m) = 7*h(m) - 3*x(m). Calculate u(o).
-1
Let n = 1240 - 1237. Let k(u) be the second derivative of 2*u**2 + 1/2*u**n + 1/12*u**4 + 0 + 15*u. What is k(-3)?
4
Let z(c) = -2*c + 15 - 10*c - 16 + 46 - c. Calculate z(5).
-20
Let m(c) be the second derivative of 13*c**3/2 - 2*c**2 + 5657*c. What is m(-1)?
-43
Let n(m) = 5*m + 46. Let a(t) = 3*t + 24. Let p(k) = -7*a(k) + 4*n(k). Let i be p(21). Let x(s) = -s**2 - 8*s - 11. Calculate x(i).
4
Let s be 85 + 4 + 0 + -5. Let i be (-10)/(-7) + (-36)/s. Let n(v) = -19*v. Give n(i).
-19
Let o(s) = s**2 + 9*s + 5. Let q be 105 + 4 - (0 - 5). Let k be (1 + -7)*95/q. Give o(k).
-15
Let p(n) be the third derivative of -n**8/6720 + n**7/420 - n**6/360 - 7*n**5/120 - 7*n**4/6 - 76*n**2. Let i(g) be the second derivative of p(g). What is i(5)?
8
Let i(v) = v**2 + v + 1. Let c(k) = 5*k**2 + 9*k + 12. Let u(w) = c(w) - 6*i(w). Suppose -f - 2*t - 53 + 60 = 0, 2*f - 9 = t. Determine u(f).
-4
Let u(z) = 211*z**3 - 60*z - 44. Let c(h) = 42*h**3 - 11*h - 8. Let p(q) = -11*c(q) + 2*u(q). Determine p(1).
-39
Let i(w) = -w**3 + 2*w**2 + 2*w - 2. Let p be i(2). Let s = 1273 - 1271. Let d(a) = -110 + 2*a**s + 110 + p*a**2. Give d(-1).
4
Let z(p) = -5*p + 1. Let w(s) = -s + 1. Let q(i) = -6*w(i) + z(i). Let m be (4/(-6))/(141/36 + -4). Let a be (9/2)/(-8 - (-68)/m). Calculate q(a).
4
Let i(a) be the second derivative of 3/4*a**4 + 3/2*a**3 + 43*a + 0 + 1/20*a**5 + 5/2*a**2. What is i(-8)?
-3
Let q(x) be the second derivative of -x**4/12 - 4*x**2 + 2*x. Suppose -2*t - 5*d - 25 = 0, 3*t - 8*t - 10 = 2*d. Suppose t = -18*n - 0*n + 5*n. Determine q(n).
-8
Let r = -4228 - -4231. Let c(h) = 2*h**3 + 3*h**2 - 18*h - 3. Determine c(r).
24
Let v be 47 - (7 - (-6 - -11))*-2. Let m(a) = -a**2 + 57*a - 301. Determine m(v).
5
Let r(g) = 5*g**3 - 10*g**2 - 22*g - 3. Let a(i) = 11*i**3 - 23*i**2 - 47*i - 6. Let m(o) = -6*a(o) + 13*r(o). Suppose 35 = -h + 6*h. Give m(h).
18
Suppose 4*c - 57 = 3*r, -411*r - 60 = -4*c - 407*r. Let a(u) = -u**2 + 9*u + 46. Give a(c).
10
Let a(p) = -p**3 - 11*p**2 + 11*p - 13. Let v be 7 - (-25 - 5)/(-10). Suppose -2*d - 32 = 2*h, 0 = 3*h - v*d + 34 - 14. Calculate a(h).
-1
Let j(i) = -2*i**3 + 4*i**2 + 3*i - 7. Suppose -12 = -w - 2*o - 17, -10 = 2*o. Determine j(w).
-142
Let i(j) = j - 1. Let k be i(4). Suppose 3*n + v = n + k, -3*n + 3*v + 9 = 0. Let f(c) be the first derivative of -c**3/3 + c**2/2 - c + 309. What is f(n)?
-3
Let a(m) = -33*m + 56. Let z be 4/(-6) - (-448)/168. Calculate a(z).
-10
Let k(c) = c**3 + 2*c**2 - c. Let d(y) = 4*y**3 + 13*y**2 - 9*y - 9. Let a(f) = d(f) - 5*k(f). Calculate a(-2).
19
Let s(w) = 6*w + 882*w**3 + 11*w**2 + 1 - 881*w**3 + 5*w + 3 - 3*w**2. Calculate s(-6).
10
Suppose 2*p - 19 - 1 = 0. Suppose 15 = -p*z + 7*z. Let q(s) = -s**3 - 5*s**2 + 2*s**3 - s**3 - s**3 + 5 + 3*s. What is q(z)?
-10
Suppose 5*c = 421*p - 418*p - 12, 5*p = -2*c - 73. Let z(x) = -4*x - 15. Let m(r) = -11*r - 45. Let s(y) = -3*m(y) + 8*z(y). Give s(c).
6
Let z = 331/264 - -7/88. Let a(i) be the first derivative of 21 + 0*i**2 - i + z*i**3. Calculate a(-1).
3
Let f be ((-878)/(-4) - -4)*4/3. Let v be 4/24 + f/12. Suppose -3*b - v = 4*y, 3 = 3*b - 5*y - 8. Let d(r) = -2*r + 3. Give d(b).
9
Let c(u) = u**2 + 22*u + 14. Suppose 10 = -1133*b + 1128*b, -3*b + 57 = -3*n. What is c(n)?
-7
Let v be 0/((-8)/((-88)/55) + (-5 - -1)). Let d(q) be the third derivative of 11*q**2 + 0*q**3 - 3/20*q**5 + v*q + 0 + 1/24*q**4. Give d(1).
-8
Let u(b) = 9*b + 5*b**2 - 4*b**2 - 3*b**3 + 2*b**3 - 7 + 6*b**2. Suppose 123*j = 126*j - 24. Determine u(j).
1
Let q(s) = -4*s**3 + 8*s**2 + 3*s - 3. Let n(p) = 6*p**3 - 11*p**2 - 4*p + 4. Suppose -7*l + 8*l - 7 = 0. Let j(m) = l*q(m) + 5*n(m). What is j(1)?
3
Let d be 2 - (3 - 0 - (-6 - -1)). Suppose -22 = -5*g + 63. Let x(m) = m**2 - 7 - 14 + g + 4*m. Give x(d).
8
Suppose -p = -2*x - 17 + 4, -p + 3*x + 12 = 0. Suppose -5*h = -10 - p. Let l(z) = 12 + 8 - 21 + z - h*z. Calculate l(-1).
3
Let w(q) = -q + 3. Let x(b) = -6 + 3 + 2*b + 1. Let v = -531 - -526. Let g(m) = v*w(m) - 6*x(m). Give g(-2).
11
Let p(h) = 2*h + 6. Let d be p(-3). Let a be (3*(-1 + d))/(-3). Let b(c) be the second derivative of -2*c**4/3 - c**3/6 + c**2/2 - c - 106. Determine b(a).
-8
Suppose 24*f - 176 = 256. Let h(i) = i**2 - f*i - 300 - 2*i**2 + 278. What is h(-17)?
-5
Let b(s) = s**2 + 7*s + 6. Let i(z) = -1. Let l(y) = b(y) + 3*i(y). Let n be ((-1)/4)/((-32)/256). Suppose -n*w + 18 = -5*w. What is l(w)?
-3
Suppose 0*u = 4*u - 12. Let n(t) = 37*t - 25. Let h be n(1). Suppose u*z + 3 = h. Let g(l) = l**2 - 2*l - 4. Calculate g(z).
-1
Let m(z) = -z - 1. Let n be (-632 + -3)*2/(-2). Suppose q - n = -648. Calculate m(q).
12
Let y(q) = q**2 - q + 32. Let o(l) = -5*l**2 - 4*l - 172. Let b(v) = o(v) + 6*y(v). Determine b(11).
31
Suppose 30*l + 1257 = 1017. Let c(j) be the second derivative of j**4/12 + 7*j**3/6 - 5*j**2/2 + 3*j. Give c(l).
3
Let g(w) = -11*w**3 - 13*w**2 - 11. Let r(o) = -5*o**3 - 11 - 6*o**2 - 74*o + 6 + 74*o. Let c(y) = -4*g(y) + 9*r(y). What is c(-2)?
-1
Let g be ((-2)/3)/(4/48). Let s(v) = -2*v**2 - 15*v + 7. Let r be s(g). Let j(f) = -11*f**2 + 1. Calculate j(r).
-10
Let d(y) be the first derivative of -y**4/4 - 5*y**3/3 + y**2/2 + 24*y - 1549. Give d(-3).
3
Let d(g) = -g**2 + g + 2. Let t(n) = 3*n**2 - 3*n - 10. Let j be (-23)/(-46)*1*(1 + 1). Let r(a) = j*t(a) + 5*d(a). Calculate r(4).
-24
Let d(f) = -f**3 - 13*f**2 + 37*f + 56. Let s be d(-16). Let v = 234 - s. Let a(h) be the third derivative of -h**4/24 - h**3/3 + 3*h**2. Give a(v).
-4
Let v be (-10)/(-8) - 1/4. Let l(y) = -15*y**3 + 10*y - 103. Let s(h) = -3*h**3 + 2*h - 22. Let i(g) = 3*l(g) - 14*s(g). Give i(v).
-2
Let y(j) = -j**3 - 39*j**2 - 99*j + 327. Let c be y(-36). Let x(h) be the first derivative of -23 - 1/3*h**c + 4*h + 2*h**2. Calculate x(4).
4
Let h(o) be the second derivative of 0 + 3*o + 1/6*o**3 - 3*o**2. Suppose 4*z + 23 = q, -2*q = -z - 4*z - 34. Calculate h(q).
1
Let c = -150 + 143. Let w(y) be the second derivative of y**5/60 + y**4/4 - 7*y**3/6 + y**2 + 15*y. Let f(r) be the first derivative of w(r). Determine f(c).
0
Let z(j) = 67*j - 1 + 58*j - 188*j + 62*j + 7. Suppose 0 = 6*n - n + 4*b - 10, 4*n - 3*b - 39 = 0. What is z(n)?
0
Let q(x) be the first derivative of x**4/4 + 7*x**3/3 - x**2/2 - 5*x - 1262. Let n be (-1 + 2)/((-3)/(-15)). Suppose n*d + 28 = d. Calculate q(d).
2
Let f = 114 + 113. Let s(k) = 115*k - f*k + 115*k - 7. What is s(-6)?
-25
Let z(v) = -4*v - 1. Let r(n) = -n + 17. Suppose -17 = 6*a - 4*a + t, -4*t - 26 = 2*a. Let y be r(a). Let b = 22 - y. Calculate z(b).
7
Suppose 35*d - 24 = 23*d. Let f(v) = -d + 2*v + 15*v**3 + 3*v**3 - 29*v**3 + 5*v**3 + 3*v**2. What is f(-2)?
54
Suppose 0 = -26*s + 30*s + 2*a - 26, 3*s + 13 = 5*a. Let w(o) = -26*o + 98. What is w(s)?
-6
Let r(v) = v**3 + 54*v**2 + 52*v - 57. Let s = 2505 - 2558. Calculate r(s).
-4
Let y(j) = -j**3 - 21*j**2 - 40*j - 4. Let o be ((-3)/(-75)*70 + 1)/((-1)/5). Determine y(o).
34
Let x(c) = -2*c**3 - 2*c**2 + c. Suppose 15 = -5*v, k - v + 3 = 15. Suppose k = -2*i + 3*t, 4*t - 8 = 4. Suppose i = 22*r - 25*r + 3. Calculate x(r).
-3
Let u(g) = -9*g**3 - 3*g**2 - 14. Let m(b) = 11*b**3 + 3*b**2 + 16. Let o(n) = -5*m(n) - 6*u(n). Let j = 61 - 26. Let w = j + -32. Give o(w).
4
Let v(x) = -x**2 - 15*x + 2. Let o be v(-15). Let h(a) = 12*a - 16*a**2 + 16 + 8*a**2 + 9*a**o - 7. Determine h(-11).
-2
Let i(b) = 2*b**3 + 10*b**2 + 5*b - 3. Let n be i(-7). Let d = n + 225. Let r(k) = -k**3 - 9*k**2 - 3*k + 5. Give r(d).
32
Let j = 5703 - 5704. Let n(v) = 1